mposite number?
False
Is 6324496721 a composite number?
False
Is 908339777 a prime number?
True
Is 47683430933 prime?
False
Is 350042807 a composite number?
False
Is 355207913 a composite number?
False
Is 4066425241 prime?
False
Is 747691613 a composite number?
True
Is 8526247 composite?
False
Is 231018559193 prime?
True
Is 301380049 composite?
False
Is 2772251759 a prime number?
True
Is 13522718977 a prime number?
True
Is 1399750661 prime?
True
Is 15222434881 a prime number?
True
Is 7592261473 prime?
True
Is 92764196521 prime?
False
Is 3424048681 a composite number?
False
Is 7997153749 a composite number?
True
Is 104803711679 a composite number?
False
Is 2893764121 a composite number?
False
Is 33195918491 a prime number?
True
Is 428651537 prime?
True
Is 438340483 prime?
False
Is 42093786199 prime?
True
Is 20077106009 a prime number?
True
Is 80091327977 a prime number?
True
Is 36095624023 composite?
True
Is 836982203 a composite number?
False
Is 1706922101 a prime number?
False
Is 38109328339 prime?
False
Is 80858665783 a prime number?
False
Is 52435783483 composite?
True
Is 1171726483 a composite number?
True
Is 41050528367 composite?
False
Is 42574422269 a prime number?
False
Is 480776759 composite?
True
Is 7834822757 a composite number?
True
Is 30072509531 a composite number?
False
Is 10059993637 a prime number?
True
Is 105304379281 prime?
True
Is 3312535769 a composite number?
False
Is 13776224897 a composite number?
False
Is 610436566 composite?
True
Is 4511880071 a prime number?
True
Is 2044290569 a composite number?
True
Is 24973478527 prime?
True
Is 4292103709 a prime number?
True
Is 15553521989 prime?
True
Is 2981451331 a composite number?
True
Is 41722796083 a composite number?
False
Is 94175256923 a prime number?
False
Is 13887806561 prime?
True
Is 1448207153 a composite number?
True
Is 922376629 a prime number?
True
Is 317876827 composite?
True
Is 1641322519 prime?
True
Is 40248011 a composite number?
True
Is 17590777367 a prime number?
False
Is 28274485753 a composite number?
False
Is 2015671687 composite?
False
Is 1923832991 a composite number?
False
Is 124529 prime?
True
Is 5583057203 a composite number?
True
Is 13080024527 prime?
True
Is 1375409369 a prime number?
True
Is 524893763 composite?
True
Is 723219799 composite?
True
Is 1408343179 composite?
True
Is 5416680358 a prime number?
False
Is 3166508173 a prime number?
False
Is 13814237917 a composite number?
False
Is 163252319 composite?
False
Is 35675714923 prime?
True
Is 18101383481 a composite number?
True
Is 437279917 a composite number?
True
Is 17549806889 a composite number?
False
Is 3856743857 a composite number?
False
Is 376791673 a composite number?
False
Is 1134885533 a composite number?
False
Is 293296079 prime?
True
Is 2735832679 a composite number?
True
Is 6334992343 prime?
True
Is 5396260147 a prime number?
False
Is 112613219 composite?
True
Is 1141230551 composite?
False
Is 10432471219 composite?
False
Is 75017675717 a composite number?
False
Is 1399864531 a prime number?
False
Is 306273601 prime?
True
Is 7436446651 a composite number?
True
Is 171753971 prime?
True
Is 1279027187 prime?
False
Is 41231768063 prime?
False
Is 100418340403 composite?
False
Is 241161911 a composite number?
False
Is 3260168651 a composite number?
False
Is 113298169171 prime?
False
Is 1933974323 a prime number?
True
Is 552727951 a prime number?
False
Is 137982167 a composite number?
False
Is 13686205411 a prime number?
True
Is 210330973 prime?
True
Is 34465204661 composite?
False
Is 3581425951 a prime number?
False
Is 3348969647 a composite number?
False
Is 391198319 prime?
False
Is 16619599426 prime?
False
Is 155639129 composite?
True
Is 564124051 a prime number?
True
Is 5503296613 a composite number?
False
Is 42791762393 composite?
True
Is 72024056053 composite?
False
Is 230034535287 composite?
True
Is 3088617529 prime?
False
Is 11561790797 composite?
True
Is 15923476747 a composite number?
True
Is 56817414321 a prime number?
False
Is 511796221 a composite number?
False
Is 721540217 composite?
True
Is 189549617561 a prime number?
False
Is 1644801563 prime?
True
Is 2291869141 composite?
True
Is 118454238847 composite?
True
Is 1044988753 prime?
True
Is 24912119257 a prime number?
True
Is 2593855829 a prime number?
True
Is 52942908857 a composite number?
False
Is 1517692091 prime?
False
Is 863708749 a composite number?
True
Is 230877158501 a prime number?
False
Is 73489440683 prime?
True
Is 18984865001 composite?
False
Is 27246839753 prime?
False
Is 34613331829 prime?
True
Is 4366794793 prime?
True
Is 605365073 prime?
False
Is 5969907087 a composite number?
True
Is 21466522237 prime?
False
Is 2922406469 a composite number?
True
Is 7040303539 a composite number?
False
Is 101931361 a prime number?
False
Is 63203162403 a composite number?
True
Is 3140221711 a composite number?
True
Is 564919031 a prime number?
False
Is 110525648677 a composite number?
False
Is 353122859 prime?
False
Is 4517619803 a prime number?
False
Is 1326803237 a prime number?
False
Is 23155705207 a prime number?
False
Is 2282240767 prime?
True
Is 564000623 a composite number?
False
Is 455580901771 prime?
True
Is 38882605451 composite?
False
Is 1678696817 a prime number?
False
Is 390995378 a composite number?
True
Is 13144441321 a composite number?
True
Is 2557929149 composite?
True
Is 132861984809 a composite number?
False
Is 1239011197 composite?
True
Is 1985347489 composite?
True
Is 55045787943 prime?
False
Is 1826512031 composite?
False
Is 12510831 a composite number?
True
Is 60511353689 composite?
False
Is 4146316927 composite?
True
Is 30286147263 composite?
True
Is 420005611 a composite number?
True
Is 3566578267 prime?
False
Is 347965463 prime?
True
Is 128644309 prime?
True
Is 10520243021 composite?
True
Is 220887739 a prime number?
True
Is 41160394829 composite?
True
Is 1582826419 a prime number?
True
Is 145439537 a composite number?
False
Is 109826210621 a composite number?
False
Is 7825114217 a prime number?
False
Is 30757369109 prime?
True
Is 49048468397 a prime number?
False
Is 744036607 prime?
True
Is 22126396703 composite?
True
Is 1738946711 prime?
False
Is 1307273017 composite?
True
Is 50283578237 composite?
False
Is 76319924801 prime?
True
Is 122589497 prime?
True
Is 9028604369 composite?
False
Is 1060280341 a prime number?
True
Is 6048023081 prime?
False
Is 19819050469 composite?
False
Is 2716054747 prime?
False
Is 122191799083 a composite number?
True
Is 34336198541 a composite number?
False
Is 319527097 a prime number?
True
Is 19336894547 a prime number?
False
Is 40001653589 a prime number?
False
Is 17385168817 a prime number?
True
Is 14188563887 a composite number?
False
Is 8399473877 prime?
False
Is 1170941659 a composite number?
True
Is 2227435981 prime?
True
Is 56750249173 prime?
True
Is 95457763 composite?
True
Is 11598089563 a composite number?
False
Is 4307261459 prime?
True
Is 11697505871 a prime number?
False
Is 103413049 prime?
False
Is 1492043677 prime?
False
Is 8213999 prime?
False
Is 39076438613 a prime number?
True
Is 2727639311 composite?
False
Is 55675553002 composite?
True
Is 6434730713 composite?
True
Is 11924432474 a composite number?
True
Is 7746813233 a prime number?
False
Is 8857573243 a composite number?
False
Is 1036796989 a prime number?
False
Is 12330471913 prime?
True
Is 6306214699 composite?
True
Is 42873481997 prime?
True
Is 1865975935 prime?
False
Is 10382044741 prime?
True
Is 115785241213 a composite number?
False
Is 1183681 a composite number?
True
Is 2079154711 prime?
True
Is 30089196191 a prime number?
False
Is 62016865979 a prime number?
True
Is 649486611241 prime?
False
Is 6823399679 prime?
True
Is 145596727181 a composite number?
True
Is 10621388851 prime?
True
Is 622337797 a prime number?
False
Is 113337559 composite?
True
Is 825895027 composite?
False
Is 1437834327 composite?
True
Is 794691061 a composite number?
True
Is 837480649 a composite number?
False
Is 134648706587 a prime number?
False
Is 11253006889 a prime number?
True
Is 4716646523 a prime number?
False
Is 13786756457 a composite number?
True
Is 183338189 a prime number?
True
Is 6467150618 a prime number?
False
Is 324175433597 prime?
False
Is 583710779 a composite number?
True
Is 2031477729 compo